 (base 11) in base 15?
23c0
Convert -126 (base 11) to base 3.
-12112
What is -418 (base 12) in base 13?
-36b
-431c (base 13) to base 12
-5488
Convert -3111 (base 5) to base 15.
-1c1
What is 2020200 (base 3) in base 16?
666
454 (base 15) to base 2
1111010011
Convert -a91 (base 11) to base 9.
-1715
-121110 (base 4) to base 14
-83a
What is -111001001111 (base 2) in base 10?
-3663
Convert 140 (base 7) to base 11.
70
What is -121 (base 13) in base 4?
-3010
Convert -1065c (base 14) to base 11.
-27898
What is 4053 (base 7) in base 3?
1221020
46 (base 15) to base 9
73
Convert 2001022001 (base 3) to base 10.
40312
What is -3a8 (base 15) in base 9?
-1125
What is 11111020 (base 3) in base 10?
3273
2120121 (base 3) to base 8
3527
843a (base 12) to base 3
201211001
What is 4355 (base 6) in base 8?
1757
What is 101010101011 (base 2) in base 11?
2063
Convert 1093e (base 15) to base 3.
2200022012
141304 (base 5) to base 12
3459
315101 (base 6) to base 14
9549
Convert 287 (base 11) to base 9.
414
-13188 (base 9) to base 4
-2023031
b42 (base 12) to base 14
84a
Convert -2124 (base 9) to base 15.
-6e1
6016 (base 9) to base 14
1857
-33318 (base 10) to base 7
-166065
32101 (base 4) to base 9
1224
Convert 5357 (base 12) to base 2.
10001110110011
What is 12 (base 5) in base 10?
7
-100111010101 (base 2) to base 11
-1989
1105 (base 7) to base 13
247
What is 110 (base 8) in base 5?
242
-18641 (base 10) to base 16
-48d1
What is 21120211 (base 3) in base 6?
41334
What is 101001101 (base 2) in base 7?
654
2102304 (base 5) to base 7
203115
What is -110000001011 (base 2) in base 7?
-11663
120620 (base 7) to base 2
101010110011101
What is -1ba49 (base 15) in base 10?
-90069
-3507 (base 8) to base 13
-b04
Convert -22606 (base 7) to base 6.
-42444
Convert -46b (base 12) to base 2.
-1010010011
12110 (base 4) to base 11
338
1a068 (base 11) to base 6
333425
21103 (base 5) to base 10
1403
What is 22706 (base 11) in base 5?
2022142
-3140 (base 5) to base 11
-352
Convert 1100110011111 (base 2) to base 16.
199f
What is 2533 (base 6) in base 3?
212110
10a32 (base 12) to base 11
15765
576 (base 12) to base 7
2235
Convert -1d9 (base 15) to base 5.
-3204
Convert 3286 (base 12) to base 11.
4208
-101111200 (base 4) to base 10
-71008
Convert 3236 (base 7) to base 16.
482
What is 512 (base 6) in base 12?
138
-2325 (base 6) to base 12
-3a5
What is c95 (base 16) in base 5?
100341
Convert -10533 (base 11) to base 12.
-8a16
What is 763 (base 8) in base 15?
234
What is 774 (base 12) in base 13?
664
Convert -6366 (base 9) to base 16.
-1245
Convert 95 (base 10) to base 3.
10112
What is -797d (base 14) in base 9?
-31825
What is 1012111000 (base 3) in base 4?
11301333
-1931 (base 14) to base 16
-11c7
What is 383 (base 9) in base 15?
163
-f57 (base 16) to base 3
-12101110
What is 14 (base 14) in base 3?
200
What is -46 (base 10) in base 16?
-2e
122050 (base 6) to base 16
2a4e
-1963 (base 12) to base 9
-4223
What is 4654 (base 10) in base 6?
33314
Convert -2453 (base 7) to base 9.
-1232
14413 (base 7) to base 10
3979
What is -31a2 (base 11) in base 4?
-1002002
Convert -1001110111 (base 2) to base 3.
-212101
What is -2798 (base 10) in base 15?
-c68
Convert -17077 (base 9) to base 10.
-11734
What is -1661 (base 8) in base 11?
-78a
-5ba (base 14) to base 7
-3223
What is -363 (base 10) in base 9?
-443
2233 (base 7) to base 14
41a
-1101111 (base 2) to base 14
-7d
-233103 (base 4) to base 3
-11011010
111111 (base 2) to base 9
70
1b5 (base 14) to base 7
1015
Convert -9279 (base 14) to base 4.
-12021223
Convert 64 (base 12) to base 15.
51
What is 465 (base 10) in base 15?
210
Convert -473 (base 15) to base 13.
-5c7
What is 21012 (base 6) in base 16?
b00
What is -1147 (base 11) in base 16?
-5df
-3920 (base 12) to base 8
-14550
38a (base 12) to base 4
20122
-200321 (base 4) to base 14
-aa5
What is -3041 (base 5) in base 12?
-290
-2344 (base 12) to base 6
-30124
What is 4604 (base 10) in base 3?
20022112
What is 4991 (base 13) in base 16?
28bb
What is 5503 (base 12) in base 14?
35ab
84 (base 14) to base 5
431
Convert -473 (base 12) to base 13.
-3c0
Convert -332 (base 5) to base 4.
-1130
5 (base 10) to base 15
5
Convert 435c (base 13) to base 5.
244442
What is -3276 (base 10) in base 12?
-1a90
What is 4348 (base 10) in base 8?
10374
What is 4686 (base 13) in base 14?
3880
Convert -1061 (base 7) to base 5.
-3021
4134 (base 11) to base 9
7461
Convert -1633 (base 13) to base 3.
-11110111
1304421 (base 5) to base 13
b871
Convert -1201 (base 8) to base 10.
-641
Convert 5796 (base 10) to base 14.
2180
1326 (base 8) to base 9
886
Convert 202021 (base 4) to base 14.
b21
Convert 100100010000 (base 2) to base 6.
14424
Convert 647f (base 16) to base 12.
12a7b
Convert -2172 (base 10) to base 6.
-14020
What is 49a (base 16) in base 12?
822
Convert -2081 (base 9) to base 12.
-a77
1013303 (base 4) to base 7
16253
Convert -10010011011 (base 2) to base 9.
-1550
Convert 26 (base 12) to base 8.
36
What is 751 (base 12) in base 5?
13234
b6a (base 13) to base 14
9d1
-23122 (base 5) to base 3
-2021120
Convert -3151 (base 8) to base 3.
-2020210
Convert -101121 (base 4) to base 8.
-2131
34703 (base 8) to base 15
45ac
-21210010 (base 3) to base 9
-7703
Convert 1c1 (base 13) to base 7.
644
What is -330 (base 13) in base 4?
-20202
Convert 1111100001001010 (base 2) to base 3.
10020012011
What is 52322 (base 9) in base 7?
202442
1939 (base 10) to base 14
9c7
Convert -453221 (base 6) to base 4.
-21112231
What is -244455 (base 7) in base 15?
-d436
-32817 (base 12) to base 10
-66835
What is 41450 (base 6) in base 4?
1113012
569b (base 14) to base 10
15033
Convert 1100111001 (base 2) to base 6.
3453
What is -232 (base 4) in base 10?
-46
Convert 60d3 (base 14) to base 12.
9775
Convert -20131 (base 5) to base 3.
-1202211
What is a93 (base 15) in base 9?
3243
6261 (base 8) to base 4
302301
What is -436 (base 11) in base 4?
-20023
-37d (base 14) to base 7
-2016
131203 (base 4) to base 5
30031
What is -263 (base 11) in base 14?
-183
What is -21012 (base 4) in base 8?
-1106
Convert -10a (base 15) to base 4.
-3223
Convert 6b4 (base 16) to base 8.
3264
What is -26421 (base 9) in base 14?
-6703
What is -243143 (base 5) in base 11?
-698a
Convert -19791 (base 11) to base 4.
-12232233
What is 17c1c (base 13) in base 2?
1011001110101001
3222 (base 7) to base 9
1510
What is -11211222 (base 3) in base 8?
-6720
-25 (base 12) to base 5
-104
What is -266 (base 10) in base 5?
-2031
Convert 1011011 (base 2) to base 9.
111
What is -18c3 (base 14) in base 13?
-206b
-cd9 (base 16) to base 4
-303121
What is 5695 (base 10) in base 13?
2791
What is 360 (base 11) in base 15?
1d9
Convert ce08 (base 15) to base 12.
21322
Convert -545 (base 8) to base 2.
-101100101
-24635 (base 7) to base 3
-22220112
14 (base 16) to base 10
20
-4c (base 16) to base 7
-136
What is -45500 (base 8) in base 7?
-110110
-61315 (base 7) to base 11
-10223
Convert -101110000111100 (base 2) to base 10.
-23612
Convert 6252 (base 12) to base 11.
8064
-8a0 (base 16) to base 14
-b3a
What is -10233 (base 7) in base 9?
-3413
What is -22112121 (base 3) in base 13?
-2aac
Convert 2cd4 (base 14) to base 12.
478a
Convert -1d7b (base 14) to base 6.
-41001
What is 1002022 (base 3) in base 12?
55b
Convert -21301300 (base 4) to base 3.
-2000221021
-2322222 (base 5) to base 14
-11535
What is 10112010 (base 3) in base 9?
3463
Convert 10012223 (base 4) to base 14.
61ab
What is -115111 (base 6) in base 16?
-27d3
-1021021 (base 3) to base 14
-4a1
-111013 (base 5) to base 3
-12022211
What is -1021 (base 7) in base 15?
-18d
What is -103333 (base 5) in base 13?
-1835
663 (base 9) to base 5
4133
What is -1221011212 (base 3) in base 4?
-21102113
Convert 1224 (base 7) to base 6.
2043
Convert 23010 (base 4) to base 2.
1011000100
4241233 (base 5) to base 16
11713
112111 (base 4) to base 2
10110010101
163 (base 16) to base 15
18a
What is -226150 (base 7) in base 9?
-61564
Convert 100a (base 12) to base 7.
5032
Convert -54005 (base 6) to base 5.
-213344
-1366 (base 15) to base 2
-1000000110010
Convert -17330 (base 11) to base 8.
-57442
Convert 2566 (base 7) to base 2.
1111010011
-755 (base 10) to base 7
-2126
Convert -23700 (base 8) to base 16.
-27c0
What is -11100001000010 (base 2) in base 12?
-8402
What is -c8a3 (base 14) in 